8289 composite?
False
Is 46679 a prime number?
True
Is 4987 a prime number?
True
Is 19121 prime?
True
Is 220699 a composite number?
False
Is 2521 prime?
True
Is 799027 composite?
True
Is 75011 prime?
True
Is 3607 composite?
False
Is 5039 a composite number?
False
Is 98869 a prime number?
True
Is 6995 prime?
False
Is 1449191 a composite number?
False
Is 20593 a composite number?
False
Is 70043 prime?
False
Is 132898 prime?
False
Is 1314199 a prime number?
True
Is 82367 prime?
False
Is 67685 a composite number?
True
Is 29467 prime?
False
Is 1048421 a composite number?
True
Is 591 composite?
True
Is 10727 prime?
False
Is 10841 prime?
False
Is 7291 composite?
True
Is 21323 prime?
True
Is 18021 composite?
True
Is 303389 a prime number?
True
Is 1003 composite?
True
Is 51767 a composite number?
False
Is 2179 prime?
True
Is 14843 a composite number?
False
Is 3271 prime?
True
Is 48947 a composite number?
False
Is 223738 a composite number?
True
Is 4279 composite?
True
Is 2758549 composite?
True
Is 259327 a composite number?
True
Is 411637 a prime number?
True
Is 179419 a composite number?
True
Is 157643 a composite number?
True
Is 11897 a composite number?
False
Is 443953 prime?
True
Is 44606 prime?
False
Is 4201 a prime number?
True
Is 53147 a composite number?
False
Is 2878 a prime number?
False
Is 2827 a prime number?
False
Is 189622 prime?
False
Is 632711 composite?
True
Is 80263 a composite number?
False
Is 2354939 composite?
True
Is 9819563 a prime number?
False
Is 175259 prime?
False
Is 15758 prime?
False
Is 1918283 composite?
False
Is 3845 a prime number?
False
Is 12459 a composite number?
True
Is 317671 a prime number?
True
Is 524899 a composite number?
False
Is 13577 a prime number?
True
Is 7853 a prime number?
True
Is 250103 prime?
False
Is 18295 a prime number?
False
Is 184594 prime?
False
Is 84562 a composite number?
True
Is 2009423 prime?
False
Is 621317 prime?
True
Is 873043 composite?
False
Is 13303 prime?
False
Is 47077 a composite number?
True
Is 643661 prime?
True
Is 90955 a prime number?
False
Is 34663 a prime number?
False
Is 274559 prime?
False
Is 7669 composite?
False
Is 319147 a prime number?
True
Is 111463 a prime number?
False
Is 3821 a composite number?
False
Is 85009 composite?
False
Is 13963 prime?
True
Is 6931 a prime number?
False
Is 160841 a prime number?
True
Is 878539 prime?
True
Is 6467 a prime number?
False
Is 10533 a composite number?
True
Is 42037 prime?
False
Is 177539 prime?
True
Is 548107 prime?
False
Is 273253 a composite number?
False
Is 5557 prime?
True
Is 41901 composite?
True
Is 346289 a composite number?
True
Is 2747 a prime number?
False
Is 583 composite?
True
Is 579749 a composite number?
True
Is 73753 a composite number?
True
Is 976211 a composite number?
False
Is 328961 a composite number?
False
Is 35767 a composite number?
True
Is 242713 a composite number?
False
Is 2242985 a composite number?
True
Is 103867 composite?
False
Is 673843 prime?
False
Is 1736437 a prime number?
True
Is 33961 a prime number?
True
Is 4831 prime?
True
Is 4481 prime?
True
Is 1246559 a composite number?
True
Is 23509 a composite number?
False
Is 8131 composite?
True
Is 649123 prime?
True
Is 22531 a prime number?
True
Is 4007 composite?
False
Is 9059 a prime number?
True
Is 90957 prime?
False
Is 3433 a prime number?
True
Is 17519 a prime number?
True
Is 815 composite?
True
Is 152417 a composite number?
False
Is 66407 a composite number?
True
Is 84397 a composite number?
True
Is 1728733 prime?
True
Is 102607 composite?
False
Is 1214555 prime?
False
Is 196439 composite?
False
Is 42011 a prime number?
False
Is 993371 prime?
False
Is 13793 prime?
False
Is 92551 prime?
True
Is 334063 composite?
True
Is 9899 a prime number?
False
Is 208309 a composite number?
False
Is 20626 composite?
True
Is 383711 a composite number?
True
Is 390799 composite?
True
Is 4195 prime?
False
Is 1021283 prime?
True
Is 168937 a prime number?
True
Is 1714 a prime number?
False
Is 539021 a composite number?
True
Is 26797 prime?
False
Is 7033 prime?
False
Is 57701 composite?
True
Is 144719 prime?
True
Is 91167 composite?
True
Is 4421 prime?
True
Is 62039 prime?
True
Is 18035 a composite number?
True
Is 2072497 a prime number?
False
Is 17735 a composite number?
True
Is 163 a composite number?
False
Is 117617 a composite number?
False
Is 116719 a composite number?
False
Is 1275149 a prime number?
False
Is 191281 prime?
True
Is 226267 prime?
True
Is 25031 a prime number?
True
Is 10427 prime?
True
Is 5623 composite?
False
Is 5079 a composite number?
True
Is 497867 prime?
True
Is 20459 composite?
True
Is 21517 a prime number?
True
Is 18451 prime?
True
Is 344771 a composite number?
True
Is 116257 prime?
True
Is 394613 a prime number?
False
Is 401707 composite?
False
Is 9806 a composite number?
True
Is 3761 composite?
False
Is 1259 a prime number?
True
Is 1063303 prime?
True
Is 23665 prime?
False
Is 475591 a prime number?
False
Is 1194203 a composite number?
False
Is 11677 a prime number?
True
Is 51279 a prime number?
False
Is 374059 a composite number?
True
Is 28869 composite?
True
Is 48179 composite?
False
Is 83751 a composite number?
True
Is 10 composite?
True
Is 120641 a composite number?
False
Is 48967 a prime number?
False
Is 25442 a prime number?
False
Is 77587 composite?
False
Is 546719 a composite number?
False
Is 38789 composite?
True
Is 56321 prime?
False
Is 3967 a prime number?
True
Is 94137 a prime number?
False
Is 889 composite?
True
Is 31379 prime?
True
Is 18583 composite?
False
Is 342037 a prime number?
True
Is 19511 prime?
False
Is 27533 a prime number?
False
Is 153407 a composite number?
False
Is 925981 a composite number?
True
Is 2191799 composite?
False
Is 14461 prime?
True
Is 107891 prime?
False
Is 32467 a prime number?
True
Is 6387 a prime number?
False
Is 12403 a composite number?
True
Is 250579 a prime number?
False
Is 178387 a prime number?
False
Is 139 prime?
True
Is 985703 a composite number?
False
Is 13319 prime?
False
Is 77037 prime?
False
Is 28387 a composite number?
False
Is 4391 composite?
False
Is 131293 a composite number?
False
Is 29657 a composite number?
True
Is 11083 a composite number?
False
Is 390979 a composite number?
True
Is 11801 composite?
False
Is 155821 a composite number?
False
Is 4327 a composite number?
False
Is 8443 composite?
False
Is 9103 a prime number?
True
Is 76049 composite?
True
Is 22147 prime?
True
Is 75289 a composite number?
False
Is 1151 composite?
False
Is 13607 a prime number?
False
Is 622277 a prime number?
True
Is 42511 a prime number?
False
Is 4627 prime?
False
Is 2861 a prime number?
True
Is 60493 a prime number?
True
Is 10499 a composite number?
False
Is 82529 prime?
True
Is 54109 prime?
False
Is 19777 a prime number?
True
Is 311503 composite?
True
Is 247 a composite number?
True
Is 15395 composite?
True
Is 32179 prime?
False
Is 4303 a composite number?
True
Is 70097 composite?
True
Is 8011 a prime number?
True
Is 1200719 prime?
False
Is 17527 a composite number?
True
Is 63055 prime?
False
Is 59951 composite?
False
Is 1387 a prime number?
False
Is 7493 prime?
False
Is 682607 prime?
True
Is 12847 a composite number?
True
Is 1865 a prime number?
False
Is 225757 composite?
True
Is 163957 prime?
False
Is 6121 a composite number?
False
Is 405479 a composite number?
True
Is 10555 a composite number?
True
Is 3388405 composite?
True
Is 8819 a composite number?
False
Is 489937 composite?
True
Is 42815 prime?
False
Is 2853689 a composite number?
False
Is 648103 prime?
False
Is 1411 a prime number?
False
Is 262511 a prime number?
True
Is 110683 composite?
True
Is 6485 prime?
False
Is 99685 a composite number?
True
Is 4339 prime?
True
Is 39029 prime?
False
Is 40861 a prime number?
False
Is 22299 a prime number?
False
Is 1113173 composite?
False
Is 1543 a prime number?
True
Is 9533 a composite number?
False
Is 487931 a composite number?
True
Is 65287 a prime number?
True
Is 47039 composite?
True
Is 51873 a prime number?
False
Is 5404427 composite?
True
Is 301 prime?
False
Is 117773 a composite number?
False
Is 812765 composite?
True
Is 1064687 composite?
True
Is 12007 a composite number?
False
Is 11269 a prime number?
False
Is 14431 a prime number?
True
Is 1519135 a composite number?
True
Is 67223 a composi